 What is the tens digit of c?
1
Let l be 2/(-2 - -1) - 1. What is the units digit of l + 39/3*1?
0
Suppose -320 = -5*c - 5*u, 3*c = 2*u + 3*u + 216. What is the tens digit of c?
6
Suppose 4*p - 32 = 2*p. Suppose -p + 4 = -2*x. Suppose o = -2*o + x. What is the units digit of o?
2
Suppose -4*a + 5*u = 6, 5 - 2 = 5*a - u. Let v = a + 3. What is the units digit of v?
4
Suppose -n = -6*n + 35. What is the units digit of n?
7
Suppose -4*x = 4*n - 16, 2*x + n = -0*x + 6. Suppose r + x - 5 = 0. What is the units digit of r?
3
Let s(n) = 6 + n + 3*n - 3*n. Let k be s(-6). Suppose -4*q = -k*q - 32. What is the units digit of q?
8
Suppose 1096 = -6*i + 10*i. What is the units digit of i?
4
Let d(k) = k + 2. Let n be d(0). Let g(z) = 12*z**2 - z + 4. What is the units digit of g(n)?
0
Suppose -2*t = 3*t - 170. Suppose 5*a - t = -4. What is the units digit of a?
6
Let d(l) = -14*l**3 + l**2 - l. Let s be d(1). Let m = -8 - s. What is the units digit of m?
6
Let u(a) = 4*a**2 - 3*a + 8. What is the tens digit of u(4)?
6
Suppose -3*u - y + 12 = 0, u = 6*u - 5*y - 20. Let l be (2/(-1) - -1)*0. Suppose l = u*v, 5*v = k + 4*k - 15. What is the units digit of k?
3
Suppose c + 3*h + 15 = -2*c, 4*c = -h - 5. Suppose c = -2*s + 4 - 2. Let w = 5 - s. What is the units digit of w?
4
Let d be (-46)/(-8) + 2/8. Let j(t) = t + 3. What is the units digit of j(d)?
9
Let m be 0 + (-2 - 0 - -2). Suppose -2*c + 0 = -o - 22, m = -4*o + 16. What is the units digit of c?
3
Suppose -3*f + 17 = 2*x, 13 + 1 = 3*f - x. Let b = -4 + 6. Suppose f*k = -q - 5, 5*q = b*k - k + 79. What is the units digit of q?
5
Let d(n) = -2*n + 15. What is the units digit of d(-9)?
3
Suppose 3*p - 15 = 5*u, -2*u + 25 = 5*p - 6*u. Let z(i) = 5*i + 10. Let k be z(4). Suppose 0*w + p*w = k. What is the units digit of w?
6
Let f(b) = -b**3 - 6*b**2 - 10*b + 11. What is the tens digit of f(-6)?
7
Suppose 84 = 4*o - 4*d, -2*o + 3*o + 5*d = 3. What is the tens digit of o?
1
Suppose -4*k - 2*a = -0*k + 20, 0 = 4*k + 3*a + 22. Let t be (k/(-3))/((-4)/(-6)). What is the units digit of 0 + (t - 0/3)?
2
Suppose 7 = 5*n - 18. Let r(h) = -3*h**2 - h - 11. Let z(o) = 2*o**2 + o + 6. Let c(v) = n*z(v) + 3*r(v). What is the units digit of c(-5)?
2
Let p be 3 + 42 + (-2 - -2). Suppose 5*n + 5*l = p, 0 = n - 6*n + 5*l + 75. What is the units digit of n?
2
Let s = 2 - 7. Let q(n) = n**2 + 2*n + 1. What is the units digit of q(s)?
6
Suppose -11*m + 12*m = 31. What is the units digit of m?
1
Let p(g) = g + 39. What is the tens digit of p(-9)?
3
Suppose 3*o = 5*b - 744, 5*o - 3*o = 4*b - 596. Suppose -5*m + b = -6*p + p, -m = -3*p - 40. What is the units digit of m*(-3 - 18/(-5))?
5
Let l(j) = j**3 - j**2 + 2*j - 3. Let r be l(2). Suppose 4 - r = -b. Let c = 6 + b. What is the units digit of c?
7
Let q = 93 - 55. What is the units digit of q?
8
Let y = 1 + -1. Suppose -36 = -y*g - g. What is the units digit of (2/6)/(4/g)?
3
Let q(w) = -6*w - 2*w + 3*w - 1. Let n be q(-1). Suppose -n*v + 60 = v. What is the tens digit of v?
1
Let q = 223 - 128. What is the units digit of q?
5
Suppose 5*x + 5*i - 95 = 0, 4*x - 3*i = 2*i + 112. Suppose s - 61 = -4*h, h - x = -h - 3*s. What is the tens digit of h?
1
Let j = -4 - -4. Suppose n - 6 = -j*n. Let h = n + 2. What is the units digit of h?
8
Suppose 0 = -0*v + v + 2*o - 6, 2*v - 13 = -5*o. Let m be (4/(-2) - -1)*0. Suppose f + 1 = 2*l - m*f, l + v = 2*f. What is the units digit of l?
2
What is the tens digit of 4/(38/12 - 3)?
2
Let m = -32 + 54. What is the units digit of m?
2
Let t = -5 + 5. Suppose t*j - 20 = -5*j. What is the units digit of j?
4
Suppose 8 = 4*j, 0 = -z - 2*j + 5*j + 67. What is the units digit of z?
3
Suppose 3*h + 18 = -0. Let p = 10 + h. What is the units digit of (3 - 1)*2/p?
1
Suppose -68 - 82 = -5*p. What is the tens digit of p?
3
Suppose 0*w + 2*w = 4*r - 2, 0 = -w - 3*r + 9. Suppose 5*a - w*z = 43, 0 = 4*a - 5*z + 4*z - 40. What is the units digit of a?
1
Suppose 0 = -2*y + 7*y + 50. Suppose -2*p = 5*d - 127 - 15, 5*d - 154 = p. Let i = y + d. What is the tens digit of i?
2
Suppose -17*w + 10*w + 1211 = 0. What is the hundreds digit of w?
1
Let p = 225 - 103. What is the hundreds digit of p?
1
Let m = -29 + 55. What is the units digit of m?
6
Let v(f) = 10*f - 9. What is the units digit of v(12)?
1
Let g(j) = -j**2 - 4*j + 3. Let n be g(4). What is the tens digit of n/((-1)/(0 + 1))?
2
Suppose 70*b - 114 = 69*b. What is the hundreds digit of b?
1
Let s be ((-41)/4)/((-6)/48). Let f = -51 + s. What is the units digit of f?
1
Suppose 2*o + 3*o - 5*d - 480 = 0, 3*d = -3. What is the tens digit of o?
9
Let z be (3 - 28/8)*0. Suppose -16*q + 13*q + 33 = z. What is the tens digit of q?
1
Let a be -3 - 3/((-6)/16). Let j = 11 - a. What is the units digit of j?
6
Let f(i) be the third derivative of -i**7/840 + i**5/120 - i**4/24 + i**3/6 + i**2. Let t(h) be the first derivative of f(h). What is the units digit of t(-2)?
5
Let b = 4 + -6. What is the units digit of ((-3)/b)/(6/12)?
3
Let j be (8/(-3))/2*-3. What is the units digit of (-15)/10 + 142/j?
4
Let j(w) = 4*w**2 + 5*w + 7. What is the units digit of j(-5)?
2
Suppose -5*z - 65 - 60 = 0. Let g = z + 45. What is the units digit of g?
0
Let u(n) = -n + 3. Let g be (-72)/15 + (-1)/5. What is the units digit of u(g)?
8
Suppose 4*f = -4*q + f + 227, 0 = 3*q + 4*f - 179. What is the units digit of q?
3
Let f(l) = 285*l**2. What is the units digit of f(-1)?
5
Let q(f) = f**3 - 6*f**2 - 6. Let o be q(6). Let p = -3 - o. What is the units digit of p?
3
Suppose 5*w - 30 = -2*d, -w - w = 5*d - 117. Suppose -5*q + 2*s + 1 = -0, q + 5*s - 11 = 0. Suppose q = 2*l - d. What is the units digit of l?
3
Suppose -2*n + 63 = n. Suppose 3*s + 5*o = n, 2*s = 5*s - 2*o. Suppose -s*r - 2 = -3*r. What is the units digit of r?
2
Let i be (-4)/20 - 162/(-10). Let k = i + 4. What is the tens digit of k?
2
Let h(b) = -11*b + 32. What is the hundreds digit of h(-10)?
1
Let j(k) be the second derivative of k**5/20 - k**4/12 - k**3/6 - 2*k. Let f be j(0). What is the units digit of (2 + -1)*(2 + f)?
2
Suppose -8*p + 856 = -0*p. What is the units digit of p?
7
Suppose -2*q - x = q - 6, -2*q = x - 3. Let t = 47 - 23. Let r = t - q. What is the units digit of r?
1
Let z(g) = -4*g**3 - 14*g**2 - 6*g + 2. What is the tens digit of z(-5)?
8
Suppose 0 = i + a - 3, 3*a - 6 = -2*i - 2*a. Let k = 7 + i. What is the units digit of k?
0
Suppose -24 = a - 4*a. Suppose -a*x = -4*x - 120. What is the tens digit of x?
3
Suppose -5*l - 424 + 1449 = 0. What is the units digit of l?
5
Let s(d) = -d**3 - 9*d**2 + 17*d + 13. What is the tens digit of s(-11)?
6
Let w(c) = 9*c - 15. What is the units digit of w(3)?
2
Let o(b) = b**2 - 4*b + 6. Let r be o(4). Suppose 3*v + 3*q - 36 = -0*q, v = -3*q + r. What is the tens digit of v?
1
Let b(g) = 2*g**2 - 6*g - 6. Let w be b(5). Let u be 2/7 + (-18)/w. Let q(x) = 13*x**2 + x + 1. What is the tens digit of q(u)?
1
Let f(x) = 2*x**2 + 5*x. Let g(s) = 3*s**2 + 8*s. Let i(j) = -7*f(j) + 5*g(j). Let l be i(-4). What is the units digit of l/(4 - 2) - -6?
4
Let s = 43 + -82. What is the units digit of 6/s + (-82)/(-26)?
3
Let v = 43 - 21. Let a = -8 + v. Suppose -4 = -3*s + 3*q + a, 0 = -3*q + 6. What is the units digit of s?
8
Suppose 3*c + 18 = 5*c. Let h = -6 + c. What is the units digit of h?
3
Suppose -8*t - 117 = -11*t. What is the tens digit of t?
3
Suppose 5*f = 5*g - 20, -g - 2*f - 12 = -4*g. Suppose 5*q - 2*q - 35 = 4*m, 5 = -3*q - g*m. Suppose -q*p + 11 = -9. What is the units digit of p?
4
Let y(o) = -6*o**2 + 2. Let h(u) = 11*u**2 - 3. Let i(a) = 3*h(a) + 5*y(a). Let n = 2 - 3. What is the units digit of i(n)?
4
Suppose -2*v + 236 = 2*h - 6*v, -5*v = -h + 112. Let s = h + -87. What is the tens digit of s?
3
Let x be (-19)/3 + 2/(-3). Let k(z) = -z**3 + 2*z**2 - 3*z**2 - 6*z**2 + z**2 + 6*z. What is the units digit of k(x)?
7
Let s = -139 + 235. What is the tens digit of s?
9
Suppose -20 + 302 = 6*c. Suppose 2*i - 119 = -c. What is the tens digit of i?
3
Let f = 83 + -9. What is the tens digit of f?
7
Suppose -i = -3*h + 697, -2*i - i = 5*h - 1185. What is the tens digit of h?
3
What is the hundreds digit of 75/(-10)*(5 - 39)?
2
Let o be (-8)/(-4*3/6). Let r be (-3)/o - (-11)/4. Suppose -r*l = -5*v - 4 - 2